he prime factors of (-3 - 1)*10/c?
2, 5
Suppose -145 = -2*d - 3*d. What are the prime factors of d?
29
Let k(b) = -b**2 - 3*b + 4. Let o be k(-3). Suppose 0*q - 5*q = -o*j + 153, 2*j = -3*q + 71. List the prime factors of j.
37
Let h(p) be the third derivative of -p**4/24 + 11*p**3/6 + 3*p**2. List the prime factors of h(8).
3
Suppose 131 = 3*d - 1. Suppose -r = 5*v - 31, -4*r + 191 - d = -3*v. List the prime factors of r.
2, 3
Suppose 3*o = 2*o + 36. List the prime factors of o.
2, 3
Let z be -2*2/(-8)*16. Suppose -4*p + 8 = 4*o, z*p = 4*p. Suppose 0 = -t - 3*i + 7, -19 = -5*t - i + o*i. What are the prime factors of t?
2
Let x be (-74)/10 + (-4)/(-10). Let v = x + 3. Let q(d) = d**3 + 4*d**2 - 3*d - 5. What are the prime factors of q(v)?
7
Let h(d) = -6*d - 2. Let g be h(-1). What are the prime factors of (-24)/((-8)/2) - g?
2
Let t(s) = 21*s**3 + 2*s - 1. Let h = 20 - 19. List the prime factors of t(h).
2, 11
Let j(h) be the first derivative of -1/2*h**2 + 0*h**3 + 3*h**4 + 0*h + 5. List the prime factors of j(1).
11
Let s(v) = 3*v - 1. Let r be s(1). Suppose 3*u = -4*j + 54, -6*u = 4*j - r*u - 52. List the prime factors of j.
3, 5
Let l = 252 + -173. List the prime factors of l.
79
Let v(q) = q**3 - 3*q**2 + 2*q - 2. Let b(u) = u**3 - 7*u**2 + 6*u + 3. Let p be b(6). Let k be v(p). List the prime factors of 144/10 + k/(-10).
2, 7
Let i(d) = d**2 + 3. Suppose -12 = -3*k - 3*p, -k + 4*p - 16 = 2*k. What are the prime factors of i(k)?
3
What are the prime factors of 30*(2/(-1) - -3)?
2, 3, 5
Let p(r) = 2*r**2 + 6*r + 5. Suppose -2 - 8 = 2*k. Let i be p(k). Suppose -60 = -5*s + i. What are the prime factors of s?
17
Let n = 63 - 14. What are the prime factors of n?
7
Let u = -8 - -15. List the prime factors of u.
7
Let u be (0 + (1 - 0))*-55. List the prime factors of (4/(-10))/(1/u).
2, 11
Let w(x) = 2*x - 4. Let y be w(5). Let n = y + -4. List the prime factors of n.
2
Let p(m) = -17*m + 6. Let x(h) = 52*h - 17. Let n(k) = -11*p(k) - 4*x(k). Let o be n(-3). Suppose 0*a = 5*a - o. What are the prime factors of a?
13
Let a(o) = -12*o. Suppose -8*t - 2 = -7*t. Let j be a(t). Let i = -9 + j. List the prime factors of i.
3, 5
Suppose -2*h + 4*v = -29 - 11, 3*h = 5*v + 56. List the prime factors of -1*(-1 - h) - 1.
2, 3
Let j(v) = 2*v**2 - v - 2. Let o be j(-2). Suppose -s - q = q - o, -4 = -2*s - q. Suppose u - 12 + 2 = s. List the prime factors of u.
2, 5
Suppose -5*f - k + 1126 = 0, -690 = -3*f + 2*k + k. What are the prime factors of f?
2, 113
Let d(t) = 5*t**2 - 5*t**2 + t**3 - 4 + 5 - t. List the prime factors of d(2).
7
Let o be 3*(-4)/(-15)*30. Suppose 0 = -3*c - 2*j + 42, 0 = 5*c + 5*j - 89 + o. What are the prime factors of c?
2
Let t(y) = -y**3 + 8*y**2 + 4*y + 10. List the prime factors of t(7).
3, 29
Suppose 13*m - 15*m + 5*j = -22, -4*m = -5*j - 64. What are the prime factors of m?
3, 7
Let j be (-4)/(0 + 2/(-9)). Let f = -11 + j. List the prime factors of f.
7
Let x = -4 + 16. Let g be ((-4)/(-8))/(2/x). Suppose 12 + 12 = g*r. List the prime factors of r.
2
What are the prime factors of (-39)/(-2) + (-3)/(-6)?
2, 5
Let k(q) = 2*q**2 - 4*q + 3. Let f(z) = 6*z**2 - 13*z + 10. Let l(h) = -2*f(h) + 7*k(h). What are the prime factors of l(3)?
13
Suppose 3*h - 206 = -2*q - h, q = 5*h + 131. List the prime factors of q.
3, 37
Let v(a) = -a + 6. Suppose 0*f + 5*f + 40 = 0. What are the prime factors of v(f)?
2, 7
Suppose 3*n - 3*s - 6 = 0, 0 = 3*s + s. Suppose 3*j + 3*w + 6 = -3, -n*j - 16 = 4*w. What are the prime factors of j?
2
List the prime factors of 18/4 - (-4)/8.
5
Let n = -30 - -17. Let l = n + 7. Let k = 9 + l. What are the prime factors of k?
3
Let l(h) = h**2. Let r(k) = 4*k**2 + 8*k - 7. Let o(n) = 3*l(n) - r(n). List the prime factors of o(-7).
2, 7
Let p = 9 + -9. List the prime factors of p - 0/3 - -2.
2
Let k(q) = q**2 - 5*q + 3. Let u be k(2). Let t be (0 + -1)*(-6 - 3). Let j = u + t. What are the prime factors of j?
2, 3
Let a(i) = 16*i**2. Let z be a(1). Suppose -11 - z = -3*k. What are the prime factors of k?
3
Let f(q) be the second derivative of q**4/3 + q**3/6 + q**2/2 - q. List the prime factors of f(-3).
2, 17
Suppose 11*u = 8*u + 6. What are the prime factors of u?
2
Suppose 9 = 2*p - 5*h, 5*p - h = 6*p - 1. Suppose 0 = n - 5*n + 3*c + 51, -p*c - 10 = 0. What are the prime factors of n?
3
Let o(u) = -u - 16. Let w be o(-11). Let c be 6/(-6)*(0 + w). Suppose 0*k + 60 = c*k. List the prime factors of k.
2, 3
Let v = -163 - -250. List the prime factors of v.
3, 29
Let f be 2/(-7) + 244/(-28). Let s = f - -5. Let n = 8 - s. List the prime factors of n.
2, 3
Suppose 5*r = 2 - 202. List the prime factors of 4/6 + r/(-12).
2
Let x(j) = j**2 - 5*j + 4. Let p be x(7). Suppose -5*y = -5*c + 15, 0*y + p = 2*c + 2*y. What are the prime factors of c?
2, 3
Let x be 15/(-5) + (-3)/(-1). Suppose -2*i - 4*y + 40 = x, 4*i = y + 3*y + 104. List the prime factors of i.
2, 3
Suppose -5*h - 4 = -z, 0*z - z - 2*h = -18. List the prime factors of z.
2, 7
Let u = -8 + 10. Suppose u*k + 12 = 96. List the prime factors of k.
2, 3, 7
Let j = -37 + 60. Let z = j - 12. What are the prime factors of z?
11
Suppose 2*k - 15 = p, -37 = -2*k + 4*p - 13. Let d = k - 1. Suppose 2*l = 4*q - 42, 21 = 3*q + 4*l - d. List the prime factors of q.
2, 5
Let a be 938/(-56) + 2/(-8). Let y = a + 34. What are the prime factors of y?
17
Let r(n) = -n**2 + 13*n + 6. List the prime factors of r(10).
2, 3
Let y(p) = 3*p**2 + 2*p + 9. Let c(v) = -2*v**2 - 3*v - 8. Let q(o) = -4*c(o) - 3*y(o). Let j be (-4)/((-4)/(-3)) - -8. List the prime factors of q(j).
2, 5
Let s = -36 + 47. Suppose 2*a + 2*o = -6, 19 = -a - 4*o - o. Let l = a + s. What are the prime factors of l?
2, 3
Let k(n) = -n**2 + 4*n - 1. Let b be k(3). Suppose -b*c + 5 = -29. List the prime factors of c.
17
Suppose 4*t + 0*t - 8 = 0. Let x = 1 + t. What are the prime factors of x?
3
Let o(w) = 19*w**2 - 4*w - 3. What are the prime factors of o(-3)?
2, 3, 5
Suppose 4*p = 2*p. Suppose -2*f + 1 - 3 = p. List the prime factors of (2/4)/(f/(-22)).
11
Let i(d) be the first derivative of d**4/24 - d**3/6 + 3*d**2/2 + 1. Let h(z) be the second derivative of i(z). List the prime factors of h(6).
5
List the prime factors of (-8 + 6)*(-85 - (0 - -1)).
2, 43
Let m = 10 - 10. Suppose m*j = 5*j - 110. What are the prime factors of j?
2, 11
Let l(o) = 13*o - 13. List the prime factors of l(4).
3, 13
Suppose -925 = -9*j + 4*j. List the prime factors of j.
5, 37
List the prime factors of 29043/135 - 2/15.
5, 43
Let n be (6/(-15))/((-2)/10). Suppose -n*c + 3*c - 8 = 0. Let d = -5 + c. What are the prime factors of d?
3
List the prime factors of (-804)/(-15) + (-10)/(-25).
2, 3
Let q(w) = w**3 + 6*w**2 - 7*w - 2. Let n be q(-7). Let h(b) be the first derivative of -b**2 - 2. What are the prime factors of h(n)?
2
Suppose -2*u + 2*n = -28, -n = -2*u + 29 + 3. Let l = 0 - -6. Let d = u - l. What are the prime factors of d?
2, 3
Let c = 507 - 127. What are the prime factors of c?
2, 5, 19
Suppose -16 = -6*t + 2*t. Suppose 0 = t*f + j + 2*j - 33, 42 = 5*f + 4*j. List the prime factors of (-67)/(-5) - f/15.
13
Let p = 50 - -33. What are the prime factors of p?
83
Let n(l) = l**3 - 4*l. List the prime factors of n(3).
3, 5
Let o(f) = 6*f**2 - 2*f - 1. Let i be o(2). Suppose -3*u + i + 68 = 0. List the prime factors of u.
29
Let i(q) = -7*q**2 + 16*q + 4. Let l(x) = -10*x**2 + 24*x + 6. Suppose 2*h - 10 = -0. Let c(p) = h*l(p) - 7*i(p). List the prime factors of c(7).
3
Suppose -4*v - 2 - 16 = -3*f, 5*v - 12 = -2*f. Let z = f + 0. Suppose -3*u = q + 7, 3*u + 1 = 5*q + z*u. List the prime factors of q.
2
Let k be -2*(-2 + (1 - 1)). Suppose -k*f + 54 = -2*f. Suppose -5*c + 18 = -f. What are the prime factors of c?
3
Let m be (22 - 1) + (0 - 2). Suppose 11 = 3*l - m. List the prime factors of l.
2, 5
Let y be ((-60)/18)/((-1)/3). Let r = 17 - y. What are the prime factors of r?
7
Let g(n) = 5*n**2 - 2*n - 1. What are the prime factors of g(-2)?
23
Suppose -4*p + a + 118 = 0, 0*a + 97 = 3*p - 5*a. What are the prime factors of p?
29
Let w = 88 + -26. Suppose 3*v + 20 = w. List the prime factors of v.
2, 7
Suppose 3*k - 2*a - 1 = -3, -a = 5*k - 14. Let b = k - -31. List the prime factors of b.
3, 11
Let q(v) be the third derivat